 is the highest common factor of 36 and d?
36
Suppose 4*y = u - 601, -3*u + 2*y - 165 + 1918 = 0. What is the greatest common factor of 498 and u?
83
Let n = 1598 - 1220. Let m(d) = -2*d**3 - 9*d**2 - 2*d - 12. Let z be m(-6). Calculate the highest common factor of z and n.
54
Let o(y) = 8*y - 5. Let b be o(7). Let m = -193 - -187. Let d be m/5*(-1530)/27. Calculate the greatest common factor of d and b.
17
Let k be 12/(-7)*((-15)/2 + 4). Let s be (-3)/(k/(-4)) + 25 + -19. Let g be ((-34)/s)/((-1)/12). Calculate the highest common divisor of g and 17.
17
Let a be (-18202)/(-304) + 1/8. Suppose 5*y + 2*o = 730, -4*y = 4*o - a - 536. What is the highest common factor of y and 18?
18
Let k be 1/(2/(-8))*-12709*(-2)/(-8). What is the greatest common divisor of k and 71?
71
Let x = 5227 - 5131. What is the greatest common factor of 300 and x?
12
Let d(u) = -5*u**3 - 27*u**2 - 13*u - 91. Let i be d(-6). Calculate the greatest common divisor of i and 2185.
95
Let b(z) = 3947*z**3 + 8*z**2 - 4*z - 3. Let n be b(1). What is the highest common factor of 84 and n?
84
Let x(t) = -34*t + 1523. Let n be x(36). What is the greatest common factor of n and 1104?
23
Let k be 2/(1*2*-2)*-4. Let u(w) = -2*w + 6. Let m be u(k). Let r(p) = 111*p - 2. Let j be r(m). What is the greatest common factor of j and 22?
22
Suppose 3*b + 28 - 7 = -r, 5*b + 5*r + 25 = 0. Let v be 1 + b/2 + 35. Let t = 56 - v. Calculate the greatest common divisor of t and 36.
12
Suppose 19*o + 17*o = 5*o + 10912. Calculate the highest common factor of o and 132.
44
Let z(w) = 13*w. Let n be z(1). Let g(u) = 6336*u - 50623. Let o be g(8). What is the greatest common factor of o and n?
13
Suppose 3*u = -u - w + 12, -5*u - 6 = -4*w. Suppose -d = 5*r - 1923, 4*r - u*d - 668 - 862 = 0. Calculate the greatest common divisor of r and 12.
12
Let a = -2446 + 4656. Calculate the greatest common factor of 20 and a.
10
Suppose -3*o + 5*i = -215 + 77, o - 5*i - 36 = 0. What is the highest common factor of 153 and o?
51
Let c = -10915 + 15190. What is the greatest common divisor of c and 60?
15
Let p be (-1)/3 - 73/(-3). Let s(o) = o**2 + 3*o - 122. Let h be s(-27). Let y = -518 + h. Calculate the greatest common divisor of y and p.
8
Suppose -881 = p + 4*z - 1082, 5*z = -10. What is the highest common divisor of 1786 and p?
19
Let g(d) = d**3 + 6*d**2 - 3*d - 5. Let a be 0 - 1 - (0 + -9). Suppose a = -4*k - 16. Let t be g(k). What is the highest common divisor of t and 104?
13
Let h = -4265 - -4345. Suppose 5*c - 337 = -3*k + 4*c, 3*c - 451 = -4*k. What is the greatest common factor of k and h?
16
Suppose -37*f + 53*f = 640. Let o(v) = -2*v**2 + 81*v - 22. Let i be o(f). Calculate the highest common factor of 63 and i.
9
Suppose c = -4*a + 1582, -182 = 2*a - 4*c - 964. What is the greatest common factor of 2844 and a?
79
Suppose -2*m + 44 - 12 = 0. Suppose 4*v - 1020 = -5*j, v + 1045 = -57*j + 62*j. Calculate the greatest common factor of j and m.
16
Let s(y) = 3*y**2 + 13*y - 7. Let c be s(-7). Let l = c - 55. Let m be (2/l)/((-6)/90). What is the greatest common divisor of 5 and m?
5
Suppose -6576 = -141*r + 129*r. Suppose -r + 1952 = 12*i. What is the highest common divisor of i and 18?
9
Let r be -2 + 19/(19/35). Calculate the greatest common divisor of 21 and r.
3
Let m = -7337 - -7363. Calculate the greatest common divisor of m and 325.
13
Let u(i) = -7*i - 4. Let k be u(0). Let f be 155/15 + k/12. Let t be (45/(-25))/((-2)/f). What is the highest common divisor of t and 27?
9
Suppose 0 = -5*g - 4*n + 34, 4*g + 2 - 24 = 2*n. Let f be -4 + (g - 1) - -9. Calculate the greatest common factor of f and 90.
10
Let j be (60/36 + -1)*15105/10. Calculate the highest common divisor of j and 38.
19
Let f(v) = v**2 + 943*v - 7595. Let n be f(8). Suppose -2562 = -5*a - 677. What is the greatest common divisor of a and n?
13
Let w = 12113 + -11968. Calculate the greatest common factor of 841 and w.
29
Let v = -3677 + 4286. Calculate the highest common divisor of 21 and v.
21
Let v = -111 - -120. Suppose 0 = v*q - 8*q - 210. What is the greatest common factor of q and 6?
6
Let h = -990 - -1004. Let w = 49 - -49. What is the greatest common factor of w and h?
14
Let l(a) = -3*a**3 + 15*a**2 - 2*a + 12. Let k be l(5). Calculate the highest common divisor of 514 and k.
2
Suppose -3*o - 20*b - 138 = -17*b, -3*o - 140 = 2*b. Let g be 2607/55 + (o/20 - -3). Calculate the highest common divisor of 240 and g.
48
Let f = 224 + -224. Suppose -116 = -b + 4*c, f*c + 4*c + 628 = 5*b. Calculate the greatest common divisor of b and 320.
64
Let n(f) = -469*f + 7987. Let i be n(17). Let x = 143 + 165. Calculate the greatest common factor of i and x.
14
Suppose -15*n = -23981 - 50839 + 24000. Calculate the greatest common divisor of n and 112.
28
Let w = 139 - 137. Suppose 4*r + 5*y = 46, -w*y + 23 = 5*r - 26. What is the greatest common divisor of 261 and r?
9
Let u be 199*(-3)/(-9) - 1771/759. Calculate the highest common factor of 656 and u.
16
Suppose 0 = -2*l - 12, 0*l - 4*l - 46 = -w. Let f(h) = 13*h**2 - 7*h - 4. Let a be f(-6). What is the highest common divisor of w and a?
22
Suppose 2*h - u + 5 = h, 3*h - u + 19 = 0. Let f(p) = -p + 10. Let r be f(h). Calculate the greatest common divisor of 102 and r.
17
Let p be ((-30)/(-2))/(-15)*-70. Calculate the greatest common divisor of 45 and p.
5
Let y(u) = 3*u**2 + 5*u - 17. Let o be y(-12). Let j = o + -319. Suppose 6*w - 4*i - 32 = 3*w, 56 = 5*w - 4*i. What is the greatest common divisor of w and j?
12
Let a(x) = 2*x + 31. Let d be a(-13). Suppose -5*h = -2*o - o - 2, d*o + 3*h - 8 = 0. Let f be 1352/64 - o/8. What is the highest common factor of 84 and f?
21
Suppose -2*n + 306 = 4*i, n = 33*i - 31*i + 133. Calculate the greatest common factor of n and 154.
11
Let b(u) = -3*u**2 + 11*u - 5. Let t(k) = -6*k + 213. Let r be t(35). Let w be b(r). What is the highest common factor of w and 2?
1
Let a(j) = -2*j**3 - 7*j**2 + 5*j + 75. Let s be a(-7). Let f = 879 - s. What is the greatest common divisor of 16 and f?
16
Suppose -i = 2*i - 75. Suppose 6*h - 802 - 1412 = 0. Let s = -269 + h. Calculate the greatest common factor of i and s.
25
Let s = -2991 + 3992. What is the greatest common factor of 154 and s?
77
Let u = -823 + 830. Suppose 3*g = -y + 230, -5*g - 214 = 2*y - 3*y. Calculate the highest common factor of u and y.
7
Let b(o) = -2*o**3 + 42*o**2 - 5*o - 52. Let m be b(20). Calculate the greatest common factor of 72 and m.
72
Let d = -20 + 17. Let m be ((-2)/6)/(d/189). Let f be (72/(-42) - 0)/((-2)/m). What is the greatest common divisor of 18 and f?
18
Let w(q) = -q**3 - 2*q**2 + 6*q + 6. Let g = -5 + 1. Let i be w(g). Suppose 0 = 15*t - i*t - 38. What is the highest common factor of t and 57?
19
Suppose 5*u = -0 + 5. Suppose -3*q = k + 256 - 253, q - 4*k = 25. Calculate the greatest common divisor of q and u.
1
Suppose 0 = 2*u + 2*s - 55362, 45 = 3166*s - 3171*s. What is the greatest common divisor of 39 and u?
39
Let l(p) = 41*p**3 - 2*p**2 + 4*p - 3. Suppose 3*t = -3*k + 3, k - 3 = -2*t - t. Let a be l(t). Calculate the highest common factor of 400 and a.
40
Let r be 1*-17*(28 - 26)*11/(-2). What is the highest common factor of r and 15895?
187
Suppose -199 = -3*g + 122. Let v = g + -108. Let p be -1*v/(3/93 + 0). What is the highest common divisor of p and 124?
31
Let g be ((-88)/((-4664)/1113))/(6/6712). What is the highest common factor of 56 and g?
28
Let i(b) = b**3 + 6*b**2 - 15*b + 7. Let h be i(-7). Suppose h = -2*a + 9*a. Let u be (a/5)/(((-6)/45)/(-2)). What is the highest common factor of 18 and u?
9
Let d be 512/(-24)*(-4 + (-34)/8). What is the greatest common factor of 286 and d?
22
Suppose 132 + 478 = 2*t. Let w = t + -263. What is the greatest common divisor of 210 and w?
42
Suppose -3 = 4*d + 1. Let r be d/1 + (2 - -11). Suppose -3*n + 282 = 42*v - 43*v, -468 = -5*n + 2*v. What is the greatest common divisor of r and n?
12
Let t = 474 + -278. Suppose -3*d = 2*s - 110, 4*d - 2*s + 26 - t = 0. What is the greatest common factor of d and 520?
40
Let p = 8341 + -8285. Calculate the greatest common factor of p and 1736.
56
Let a(h) = 17*h + 135. Let d(p) = -18*p - 136. Let c(o) = -4*a(o) - 3*d(o). Let k be c(-14). What is the greatest common divisor